e the greatest common divisor of r and m.
13
Let a be 8/(-68) - (-2048)/68. What is the highest common divisor of 135 and a?
15
Suppose -2*t = -t + f + 16, f - 39 = 4*t. Let d = t - -16. Suppose -3*a = -d*a + 18. What is the greatest common divisor of 81 and a?
9
Let i be (1/3)/((-6)/(-18)). Let k be (i + 0)/(1/14). Calculate the highest common factor of 14 and k.
14
Let t = -34 + 47. Let v = 21 - -70. Calculate the greatest common factor of t and v.
13
Suppose -2*f + 3*s = -4*f + 10, -2*f = -4*s + 4. Let w be f/(-9) + (-160)/(-72). What is the highest common factor of 18 and w?
2
Suppose 0 = -0*f - 4*f + 44. Let g = -7 + 11. Suppose g*q - 117 = 5*s, 0 = -2*q + 3*q - s - 30. Calculate the greatest common factor of q and f.
11
Let x(o) be the first derivative of 2*o**2 + 2*o + 1. Let v be x(3). Calculate the highest common factor of v and 140.
14
Let m be 3/9 + 30/18. Let f be m/(-5) - (-2428)/20. Suppose 0 = -s + 4 + 7. Calculate the highest common factor of s and f.
11
Let d = -18 - -22. Suppose 3*b - d*v = -5*v + 56, -76 = -3*b + 4*v. What is the highest common divisor of b and 8?
4
Let u be (-2)/(-4) - 15/(-6). Suppose 2*i - u*n - 32 = 0, -3*n = 4*i - 4*n - 54. Calculate the greatest common divisor of 52 and i.
13
Suppose 0 = g + 2*g. Let x = 3 + g. What is the highest common factor of x and 3?
3
Suppose 15 = -5*f, 4*f + 7 + 8 = 3*t. Let a = t - -1. Let n = a - -7. Calculate the highest common factor of n and 27.
9
Let y = -44 + 121. What is the highest common factor of y and 7?
7
Let v = -16 - -49. What is the highest common factor of 231 and v?
33
Suppose -2*a + 2*g + 36 = -2*g, -a - 4*g - 6 = 0. Suppose -6 = -m + 2*m. Let l = m + 16. Calculate the highest common divisor of a and l.
10
Suppose 0 = 2*b + 9 - 1. Let c(z) be the first derivative of -3*z**2 - 4*z - 3. Let y be c(b). What is the greatest common factor of y and 30?
10
Suppose -2*v + 2 = -0. Let w = 2 - v. Let y = w + 0. What is the greatest common divisor of 7 and y?
1
Let o be (-1112)/(-28) - (-8)/28. Calculate the highest common divisor of o and 5.
5
Suppose -6*l - 20 - 10 = 0. Let s be 990/25 - 2/l. What is the greatest common factor of 10 and s?
10
Let n = -202 - -231. Let v = -72 - -159. What is the highest common divisor of n and v?
29
Let r(g) = 2*g - 1 + 19 - 3*g. Let k be r(0). Calculate the greatest common divisor of k and 6.
6
Let n be 20/(-8)*12/(-10). Suppose 0 = -2*g + 1 + n. Suppose g*q - 6*q = -12. Calculate the highest common divisor of 3 and q.
3
Let f = -2 - -8. Let s(p) = 3*p**2 - 8*p + 6. Let o be s(6). Calculate the highest common factor of o and f.
6
Suppose 2*h = -q - 196, 7*h + 495 = 2*h - 5*q. Let v = h + 161. What is the greatest common divisor of 16 and v?
16
Let t(l) = l**3 + 6*l**2 + 4*l. Let q be t(-3). Suppose -25 - q = -5*v. Calculate the greatest common divisor of v and 8.
8
Let y be (-6 + 2 + -1)*-1. Suppose 15 = 2*i + 3*i. Let v be i/(-6*3/(-240)). Calculate the highest common divisor of y and v.
5
Let w(i) = -6*i**2 + i. Let d be w(-1). Let l = -8 - d. Let q(g) = -64*g**3 + g. Let k be q(l). Calculate the highest common divisor of 9 and k.
9
Suppose -5 = 7*j - 12. What is the greatest common divisor of 1 and j?
1
Let m(h) = h**3 + 2*h**2 - 7*h + 4. Let q be m(4). Suppose 3*x = -0*x + q. What is the highest common factor of x and 36?
12
Let t = -98 + 154. What is the greatest common factor of t and 8?
8
Suppose -j = 4*h - 2*j - 8, 2*h - 4 = -4*j. Suppose -h*y + 198 = -124. Calculate the greatest common factor of 23 and y.
23
Suppose 0 = -3*z + 6*z - 624. Suppose 4*b - z = 4*v, 5*v - 190 = b - 5*b. What is the highest common divisor of b and 10?
10
Suppose -r + 20 + 645 = 0. Let s be (8/10)/(7/r). Let l = -9 + 28. Calculate the greatest common divisor of l and s.
19
Let l be (-358)/8 - 7/28. Let f be -4*(l/6 - 1). Calculate the greatest common divisor of 51 and f.
17
Let s be ((-2)/4)/((-6)/(-144)). Let p be (-256)/s + (-8)/(-12). Calculate the highest common divisor of 2 and p.
2
Let o be ((-16)/(-20))/((-2)/(-65)). What is the greatest common divisor of o and 13?
13
Let b = 13 + -11. Let h be (19 - -2)*b/6. Calculate the greatest common factor of 7 and h.
7
Let x be (-6)/4*(-42)/9. What is the highest common divisor of x and 49?
7
Let p(n) = n**3 - 4*n**2 + 2*n + 8. Let i be p(6). Calculate the highest common divisor of i and 23.
23
Suppose -4*u = -u - x - 11, 0 = -u - x - 3. What is the greatest common divisor of u and 26?
2
Suppose -3*b - 115 = -8*b + 2*r, 0 = -4*r - 20. What is the highest common factor of b and 231?
21
Suppose -5*g = -20, -4*g = -v - 2 + 18. Calculate the highest common factor of 80 and v.
16
Let z be (-6)/2*260/(-30). What is the greatest common divisor of z and 13?
13
Let p = -1 - -1. Let o = 6 + p. What is the greatest common divisor of 24 and o?
6
Let p(s) = 6*s + 42. Let v be p(9). Let x be 3*(-2 - 34/(-6)). Suppose -k = k + 10, -3*u - 5*k = -x. What is the greatest common factor of u and v?
12
Let a = -33 - -59. What is the highest common factor of 65 and a?
13
Suppose -a + 0*a = -2*s + 423, 0 = 2*s + 3*a - 403. Calculate the highest common factor of 19 and s.
19
Let q be 2 + (-1)/(2 - 1). Let t(r) = 81*r**2 - 2*r + 1. Let z be t(q). Calculate the greatest common divisor of z and 32.
16
Let c(f) = 4*f**2 - 9*f - 9. Let j be c(-6). What is the greatest common factor of 21 and j?
21
Suppose -6*y = -4*y - 6. Calculate the greatest common divisor of y and 15.
3
Let z = -2 - -4. Let p = -1 + z. What is the greatest common divisor of p and 2?
1
Let o(d) = 2*d + 13. Let c be o(6). Calculate the greatest common factor of c and 100.
25
Let i be (-6)/(0 - -1)*-1. Suppose -3*z + 6*z - i = 0. Suppose -2*m - 1 = n - z, m - 32 = -4*n. Calculate the greatest common divisor of 81 and n.
9
Suppose -4*l + 2*l + 18 = 0. Let c = l + -6. Let g be 222/18 - 1/c. Calculate the greatest common factor of g and 12.
12
Let h(f) = -2*f + 17. Let k be h(12). Let s = -3 - k. Calculate the greatest common divisor of 28 and s.
4
Suppose 5*y - 315 = 5*r, -y - 4*r - 9 = -72. What is the greatest common divisor of 9 and y?
9
Let y be (-10)/3*(-6)/5. Let u(n) = n**3 - 2*n**2 - 2*n. Let v be u(y). Let b be -1 + 61 + (0 - 0/2). What is the greatest common divisor of b and v?
12
Suppose 3*m - 12 = 0, -44 = -4*p - 5*m + 3*m. Let s be (-1*2 - -4) + -1. Let f be -3*s/((-1)/3). Calculate the highest common factor of p and f.
9
Let t be 32/14 + 4/(-14). Suppose -f - 24 = -t*f. What is the highest common divisor of 8 and f?
8
Let i(l) = l + 7. Let m be i(-3). Calculate the greatest common divisor of m and 8.
4
Suppose -2*t + 53 = -35. Let w = t - 19. What is the highest common divisor of 100 and w?
25
Let j = 9 + -6. Calculate the highest common divisor of 3 and j.
3
Suppose -12*i + 612 = -8*i. Calculate the highest common divisor of 17 and i.
17
Let p(y) = -y**3 - 11*y**2 - 9*y + 11. Let n be p(-10). Let q be (20/15)/(n/9). What is the greatest common factor of q and 48?
12
Let m(k) = 12*k**3 + k**2. Let s be m(1). What is the highest common divisor of s and 91?
13
Let s = 211 - 204. Suppose 4*h = 3*h. Suppose h = -2*p - 3*p + 315. Calculate the highest common factor of s and p.
7
Suppose 3*b + 62 = 5*q, 2*q + 4*b = 2*b + 12. Let f be q/(-65) - (-353)/13. What is the greatest common divisor of 3 and f?
3
Suppose 4*q + 0*h = 3*h + 29, 4*h = -12. Let t(d) = d**2 - d + 35. Let m be t(0). What is the highest common divisor of q and m?
5
Let p be (-50)/(-5) + 0/1. Let s = p - 0. Let l = -10 + 120. What is the highest common factor of s and l?
10
Let v be (156/91)/(-2 + (-16)/(-7)). What is the greatest common factor of v and 9?
3
Let x be -1 + (3 + -4)*-19. Let a be x/10*(-20)/(-3). Calculate the highest common divisor of 36 and a.
12
Let f = 26 - 18. Let q = 81 + 111. Suppose 4*u = -0*u + q. What is the highest common factor of u and f?
8
Let i be (4 - 8)*2/(-8). Let y(x) = 78*x - 1. Let g be y(i). What is the highest common divisor of g and 7?
7
Let o be 8/(-14) + (-576)/(-28). What is the highest common factor of 100 and o?
20
Suppose -t + 0*t = 2*r - 175, 0 = 3*r + 3*t - 255. What is the highest common factor of r and 36?
18
Let l(r) be the third derivative of -r**6/120 + r**5/10 + 5*r**4/12 - 5*r**3/6 + 3*r**2. Let p be l(7). Calculate the greatest commo